{"id":264,"date":"2025-03-04T08:55:50","date_gmt":"2025-03-04T07:55:50","guid":{"rendered":"https:\/\/www.ellipse-creations.fr\/?page_id=264"},"modified":"2025-03-12T09:23:08","modified_gmt":"2025-03-12T08:23:08","slug":"pots-a-crayons-8","status":"publish","type":"page","link":"https:\/\/www.ellipse-creations.fr\/index.php\/pots-a-crayons-8\/","title":{"rendered":"Bo\u00eetes rectangulaires"},"content":{"rendered":"\n<div class=\"wp-block-group alignwide has-global-padding is-layout-constrained wp-block-group-is-layout-constrained\">\n<h3 class=\"wp-block-heading has-text-align-center has-contrast-color has-text-color has-link-color wp-elements-2ad6bfc95ebdae31c97e9ba699d73885\" style=\"font-size:clamp(0.929rem, 0.929rem + ((1vw - 0.2rem) * 0.785), 1.4rem);\">tous formats, tous papiers<\/h3>\n\n\n\n<figure class=\"wp-block-image aligncenter size-large is-resized is-style-rounded is-style-rounded--1\"><img loading=\"lazy\" decoding=\"async\" width=\"1024\" height=\"768\" src=\"http:\/\/www.ellipse-creations.fr\/wp-content\/uploads\/2025\/02\/Boite-bleue-Vagues-dorees-1-1024x768.jpg\" alt=\"\" class=\"wp-image-205\" style=\"width:359px;height:auto\" srcset=\"https:\/\/www.ellipse-creations.fr\/wp-content\/uploads\/2025\/02\/Boite-bleue-Vagues-dorees-1-1024x768.jpg 1024w, https:\/\/www.ellipse-creations.fr\/wp-content\/uploads\/2025\/02\/Boite-bleue-Vagues-dorees-1-300x225.jpg 300w, https:\/\/www.ellipse-creations.fr\/wp-content\/uploads\/2025\/02\/Boite-bleue-Vagues-dorees-1-768x576.jpg 768w, https:\/\/www.ellipse-creations.fr\/wp-content\/uploads\/2025\/02\/Boite-bleue-Vagues-dorees-1-1536x1152.jpg 1536w, https:\/\/www.ellipse-creations.fr\/wp-content\/uploads\/2025\/02\/Boite-bleue-Vagues-dorees-1.jpg 2016w\" sizes=\"auto, (max-width: 1024px) 100vw, 1024px\" \/><\/figure>\n<\/div>\n\n\n\n<div class=\"wp-block-group alignwide has-global-padding is-layout-constrained wp-block-group-is-layout-constrained\">\n<p><strong>Forme<\/strong> : base rectangulaire ou carr\u00e9e<br><strong>Taille : <\/strong>pas de taille standard &#8211; hauteur de 2 \u00e0 25 cm<br><strong>Papier :<\/strong> papiers du catalogue ou papiers imprim\u00e9s du commerce<br><strong>Prix : <\/strong>de 50 \u00e0 100 \u20ac selon le mod\u00e8le<\/p>\n\n\n\n<p><strong>Remarques :<\/strong><br>\u2022 toutes les bo\u00eetes sont possibles, selon votre besoin et vos go\u00fbts<br>\u2022 les bo\u00eetes pr\u00e9sent\u00e9es ici sont des exemples de ce qu&rsquo;on peut faire<br>\u2022 vous me contactez en me disant \u00e0 quoi va servir la bo\u00eete, quel format et quel type de papier vous envisagez et si vous voulez un couvercle et\/ou une cloison \u00e0 l&rsquo;int\u00e9rieur<br>\u2022 on en discute jusqu&rsquo;\u00e0 arriver \u00e0 la bo\u00eete qui vous conviendra et qui vous plaira<\/p>\n\n\n\n<div style=\"height:12px\" aria-hidden=\"true\" class=\"wp-block-spacer\"><\/div>\n\n\n\n<div class=\"wp-block-columns is-layout-flex wp-container-core-columns-is-layout-28f84493 wp-block-columns-is-layout-flex\">\n<div class=\"wp-block-column is-layout-flow wp-block-column-is-layout-flow\">\n<p class=\"has-text-align-center has-text-color has-link-color wp-elements-666abcda2c8bb65a42c314e044ca0636\" style=\"color:#0066ff;font-size:clamp(0.875rem, 0.875rem + ((1vw - 0.2rem) * 0.542), 1.2rem);\"><strong>bo\u00eete de rangement<\/strong><br><strong> papier japonais \u00ab\u00a0vagues dor\u00e9es\u00a0\u00bb &#8211; bleu profond<\/strong><br>base = 30 x 20 cm ; hauteur = 8 cm<br>couvercle en plexiglas<\/p>\n\n\n\n<figure class=\"wp-block-image aligncenter size-full is-resized\"><img loading=\"lazy\" decoding=\"async\" width=\"2016\" height=\"1512\" src=\"http:\/\/www.ellipse-creations.fr\/wp-content\/uploads\/2025\/02\/Boite-bleue-Vagues-dorees-2.jpg\" alt=\"\" class=\"wp-image-206\" style=\"width:383px;height:auto\" srcset=\"https:\/\/www.ellipse-creations.fr\/wp-content\/uploads\/2025\/02\/Boite-bleue-Vagues-dorees-2.jpg 2016w, https:\/\/www.ellipse-creations.fr\/wp-content\/uploads\/2025\/02\/Boite-bleue-Vagues-dorees-2-300x225.jpg 300w, https:\/\/www.ellipse-creations.fr\/wp-content\/uploads\/2025\/02\/Boite-bleue-Vagues-dorees-2-1024x768.jpg 1024w, https:\/\/www.ellipse-creations.fr\/wp-content\/uploads\/2025\/02\/Boite-bleue-Vagues-dorees-2-768x576.jpg 768w, https:\/\/www.ellipse-creations.fr\/wp-content\/uploads\/2025\/02\/Boite-bleue-Vagues-dorees-2-1536x1152.jpg 1536w\" sizes=\"auto, (max-width: 2016px) 100vw, 2016px\" \/><\/figure>\n<\/div>\n<\/div>\n<\/div>\n\n\n\n<div style=\"height:35px\" aria-hidden=\"true\" class=\"wp-block-spacer\"><\/div>\n\n\n\n<p class=\"has-text-align-center has-text-color has-link-color wp-elements-2e2802b7f292ae9699c873d0ed17301e\" style=\"color:#0066ff;font-size:clamp(0.875rem, 0.875rem + ((1vw - 0.2rem) * 0.542), 1.2rem);\"><strong>bo\u00eete \u00e0 tarot<\/strong><br><strong> papier n\u00e9palais \u00ab\u00a0tiss\u00e9\u00a0\u00bb &#8211;<\/strong> <strong>bleu<\/strong> <strong>ou orange<\/strong><br>base = 14 x 10 cm ; hauteur = 2 cm<\/p>\n\n\n\n<div class=\"wp-block-columns is-layout-flex wp-container-core-columns-is-layout-28f84493 wp-block-columns-is-layout-flex\">\n<div class=\"wp-block-column is-layout-flow wp-block-column-is-layout-flow\">\n<figure class=\"wp-block-image size-large\"><img loading=\"lazy\" decoding=\"async\" width=\"1024\" height=\"768\" src=\"http:\/\/www.ellipse-creations.fr\/wp-content\/uploads\/2025\/03\/Boite-a-Tarot-bleue-2-1024x768.jpg\" alt=\"\" class=\"wp-image-556\" srcset=\"https:\/\/www.ellipse-creations.fr\/wp-content\/uploads\/2025\/03\/Boite-a-Tarot-bleue-2-1024x768.jpg 1024w, https:\/\/www.ellipse-creations.fr\/wp-content\/uploads\/2025\/03\/Boite-a-Tarot-bleue-2-300x225.jpg 300w, https:\/\/www.ellipse-creations.fr\/wp-content\/uploads\/2025\/03\/Boite-a-Tarot-bleue-2-768x576.jpg 768w, https:\/\/www.ellipse-creations.fr\/wp-content\/uploads\/2025\/03\/Boite-a-Tarot-bleue-2-1536x1152.jpg 1536w, https:\/\/www.ellipse-creations.fr\/wp-content\/uploads\/2025\/03\/Boite-a-Tarot-bleue-2.jpg 2016w\" sizes=\"auto, (max-width: 1024px) 100vw, 1024px\" \/><\/figure>\n<\/div>\n\n\n\n<div class=\"wp-block-column is-layout-flow wp-block-column-is-layout-flow\">\n<figure class=\"wp-block-image size-large\"><img loading=\"lazy\" decoding=\"async\" width=\"1024\" height=\"768\" src=\"http:\/\/www.ellipse-creations.fr\/wp-content\/uploads\/2025\/03\/Boite-a-Tarot-orange-1-1024x768.jpg\" alt=\"\" class=\"wp-image-569\" srcset=\"https:\/\/www.ellipse-creations.fr\/wp-content\/uploads\/2025\/03\/Boite-a-Tarot-orange-1-1024x768.jpg 1024w, https:\/\/www.ellipse-creations.fr\/wp-content\/uploads\/2025\/03\/Boite-a-Tarot-orange-1-300x225.jpg 300w, https:\/\/www.ellipse-creations.fr\/wp-content\/uploads\/2025\/03\/Boite-a-Tarot-orange-1-768x576.jpg 768w, https:\/\/www.ellipse-creations.fr\/wp-content\/uploads\/2025\/03\/Boite-a-Tarot-orange-1-1536x1152.jpg 1536w, https:\/\/www.ellipse-creations.fr\/wp-content\/uploads\/2025\/03\/Boite-a-Tarot-orange-1.jpg 2016w\" sizes=\"auto, (max-width: 1024px) 100vw, 1024px\" \/><\/figure>\n<\/div>\n<\/div>\n\n\n\n<div style=\"height:35px\" aria-hidden=\"true\" class=\"wp-block-spacer\"><\/div>\n\n\n\n<h2 class=\"wp-block-heading has-text-align-center has-text-color has-link-color has-system-sans-serif-font-family wp-elements-a80d4a78d5dc45826d0c3f02aff8351b\" style=\"color:#0066ff;font-size:clamp(0.875rem, 0.875rem + ((1vw - 0.2rem) * 0.542), 1.2rem);\"><strong>bo\u00eete pour enfants<\/strong><br><strong> papier fantaisie<\/strong><br>base = 26 x 16 cm ; hauteur = 12 cm<\/h2>\n\n\n\n<div class=\"wp-block-columns is-layout-flex wp-container-core-columns-is-layout-28f84493 wp-block-columns-is-layout-flex\">\n<div class=\"wp-block-column is-layout-flow wp-block-column-is-layout-flow\">\n<figure class=\"wp-block-image size-large\"><img loading=\"lazy\" decoding=\"async\" width=\"1024\" height=\"768\" src=\"http:\/\/www.ellipse-creations.fr\/wp-content\/uploads\/2025\/03\/Boite-Jungle-1-1024x768.jpg\" alt=\"\" class=\"wp-image-639\" srcset=\"https:\/\/www.ellipse-creations.fr\/wp-content\/uploads\/2025\/03\/Boite-Jungle-1-1024x768.jpg 1024w, https:\/\/www.ellipse-creations.fr\/wp-content\/uploads\/2025\/03\/Boite-Jungle-1-300x225.jpg 300w, https:\/\/www.ellipse-creations.fr\/wp-content\/uploads\/2025\/03\/Boite-Jungle-1-768x576.jpg 768w, https:\/\/www.ellipse-creations.fr\/wp-content\/uploads\/2025\/03\/Boite-Jungle-1-1536x1152.jpg 1536w, https:\/\/www.ellipse-creations.fr\/wp-content\/uploads\/2025\/03\/Boite-Jungle-1.jpg 2016w\" sizes=\"auto, (max-width: 1024px) 100vw, 1024px\" \/><\/figure>\n<\/div>\n\n\n\n<div class=\"wp-block-column is-layout-flow wp-block-column-is-layout-flow\">\n<figure class=\"wp-block-image size-large\"><img loading=\"lazy\" decoding=\"async\" width=\"1024\" height=\"768\" src=\"http:\/\/www.ellipse-creations.fr\/wp-content\/uploads\/2025\/03\/Boite-Jungle-2-1024x768.jpg\" alt=\"\" class=\"wp-image-640\" srcset=\"https:\/\/www.ellipse-creations.fr\/wp-content\/uploads\/2025\/03\/Boite-Jungle-2-1024x768.jpg 1024w, https:\/\/www.ellipse-creations.fr\/wp-content\/uploads\/2025\/03\/Boite-Jungle-2-300x225.jpg 300w, https:\/\/www.ellipse-creations.fr\/wp-content\/uploads\/2025\/03\/Boite-Jungle-2-768x576.jpg 768w, https:\/\/www.ellipse-creations.fr\/wp-content\/uploads\/2025\/03\/Boite-Jungle-2-1536x1152.jpg 1536w, https:\/\/www.ellipse-creations.fr\/wp-content\/uploads\/2025\/03\/Boite-Jungle-2.jpg 2016w\" sizes=\"auto, (max-width: 1024px) 100vw, 1024px\" \/><\/figure>\n<\/div>\n<\/div>\n\n\n\n<div style=\"height:35px\" aria-hidden=\"true\" class=\"wp-block-spacer\"><\/div>\n\n\n\n<h2 class=\"wp-block-heading has-text-align-center has-text-color has-link-color has-system-sans-serif-font-family wp-elements-c301c81672dfb8a07f3ae68dcd5c3ee0\" style=\"color:#0066ff;font-size:clamp(0.875rem, 0.875rem + ((1vw - 0.2rem) * 0.542), 1.2rem);\"><strong>grande bo\u00eete de rangement<\/strong><br><strong> papier imprim\u00e9 italien \u00ab\u00a0mappemonde\u00a0\u00bb &#8211; brun ancien<\/strong><br>base = 40 x 20 cm ; hauteur = 20 cm<br>command\u00e9e par un photographe<\/h2>\n\n\n\n<figure class=\"wp-block-image aligncenter size-large is-resized\"><img loading=\"lazy\" decoding=\"async\" width=\"1024\" height=\"768\" src=\"http:\/\/www.ellipse-creations.fr\/wp-content\/uploads\/2025\/01\/Grande-Boite-Photos-1024x768.jpg\" alt=\"\" class=\"wp-image-114\" style=\"width:383px\" srcset=\"https:\/\/www.ellipse-creations.fr\/wp-content\/uploads\/2025\/01\/Grande-Boite-Photos-1024x768.jpg 1024w, https:\/\/www.ellipse-creations.fr\/wp-content\/uploads\/2025\/01\/Grande-Boite-Photos-300x225.jpg 300w, https:\/\/www.ellipse-creations.fr\/wp-content\/uploads\/2025\/01\/Grande-Boite-Photos-768x576.jpg 768w, https:\/\/www.ellipse-creations.fr\/wp-content\/uploads\/2025\/01\/Grande-Boite-Photos-1536x1152.jpg 1536w, https:\/\/www.ellipse-creations.fr\/wp-content\/uploads\/2025\/01\/Grande-Boite-Photos.jpg 2016w\" sizes=\"auto, (max-width: 1024px) 100vw, 1024px\" \/><\/figure>\n\n\n\n<div class=\"wp-block-columns is-layout-flex wp-container-core-columns-is-layout-28f84493 wp-block-columns-is-layout-flex\">\n<div class=\"wp-block-column is-layout-flow wp-block-column-is-layout-flow\"><\/div>\n\n\n\n<div class=\"wp-block-column is-layout-flow wp-block-column-is-layout-flow\"><\/div>\n<\/div>\n","protected":false},"excerpt":{"rendered":"<p>tous formats, tous papiers Forme : base rectangulaire ou carr\u00e9eTaille : pas de taille standard &#8211; hauteur de 2 \u00e0 25 cmPapier : papiers du catalogue ou papiers imprim\u00e9s du commercePrix : de 50 \u00e0 100 \u20ac selon le mod\u00e8le Remarques :\u2022 toutes les bo\u00eetes sont possibles, selon votre besoin et vos go\u00fbts\u2022 les bo\u00eetes [&hellip;]<\/p>\n","protected":false},"author":1,"featured_media":0,"parent":0,"menu_order":0,"comment_status":"closed","ping_status":"closed","template":"","meta":{"footnotes":""},"class_list":["post-264","page","type-page","status-publish","hentry"],"_links":{"self":[{"href":"https:\/\/www.ellipse-creations.fr\/index.php\/wp-json\/wp\/v2\/pages\/264","targetHints":{"allow":["GET"]}}],"collection":[{"href":"https:\/\/www.ellipse-creations.fr\/index.php\/wp-json\/wp\/v2\/pages"}],"about":[{"href":"https:\/\/www.ellipse-creations.fr\/index.php\/wp-json\/wp\/v2\/types\/page"}],"author":[{"embeddable":true,"href":"https:\/\/www.ellipse-creations.fr\/index.php\/wp-json\/wp\/v2\/users\/1"}],"replies":[{"embeddable":true,"href":"https:\/\/www.ellipse-creations.fr\/index.php\/wp-json\/wp\/v2\/comments?post=264"}],"version-history":[{"count":20,"href":"https:\/\/www.ellipse-creations.fr\/index.php\/wp-json\/wp\/v2\/pages\/264\/revisions"}],"predecessor-version":[{"id":910,"href":"https:\/\/www.ellipse-creations.fr\/index.php\/wp-json\/wp\/v2\/pages\/264\/revisions\/910"}],"wp:attachment":[{"href":"https:\/\/www.ellipse-creations.fr\/index.php\/wp-json\/wp\/v2\/media?parent=264"}],"curies":[{"name":"wp","href":"https:\/\/api.w.org\/{rel}","templated":true}]}}